+ -14)))?
-87
Calculate -7 + 104 + (809 - 790).
116
What is the value of 62 + (519 - 543) + (-1 - -22)?
59
What is -55 - -59 - (34 + -34 - (13 - 2))?
15
What is the value of 12 + 7 + 6 + -19 + -1?
5
Evaluate -44 + 96 + -260 + 120.
-88
What is the value of 51 - 56 - ((2 - (-3 - 7)) + -6)?
-11
What is -205 + 266 + -33 + 2 + -11 + 4 + -2?
21
Evaluate (-29 - -14) + (73 - -11 - -14).
83
What is the value of -2 + (83 - 3) - (-12639 + 12653)?
64
What is -104 + -69 + 71 + 78?
-24
What is the value of -116 - (10 + (-27 - (5 - 5))) - -12?
-87
Evaluate (6 - -2) + -4 - (17 + -3).
-10
What is the value of 12228 - 12206 - (3 - (-79 - -3))?
-57
Evaluate 35 - (14 - (1 + -13 + -5 + 30) - 6).
40
(-57 - -39) + (2 - -64)
48
What is -165 + 167 - (1 + -77)?
78
Calculate 52 - (-16 - (-26 + (29 - 33))).
38
What is the value of -2 + 6 + -14 + -16 + 21 + -43?
-48
What is the value of (68 - -286 - 312) + (0 - (3 - 0))?
39
(-30 - -1) + (-8 - (1 - (16 - -6)))
-16
What is the value of (-16 - -35) + -47 - -32?
4
Evaluate 5 + -2 + -9 + -1 + (67 - 0) + -12.
48
(102 + -78 - -19) + -70
-27
Evaluate (-22 - -27) + (116 - 9 - -5).
117
Calculate -109 + 10 + -27 + (-63 - -45).
-144
3 + (-14 - -20) - (-1 + (7 - 3))
6
Evaluate (-286 - -524) + -147 - (-18 + -1).
110
What is the value of (-4 - (46 - 4)) + (-21 - ((7 - 15) + -14))?
-45
Calculate (88 - -18) + -138 + -95.
-127
Calculate (87 - (161 + -12)) + -3 + 37.
-28
What is the value of -130 + -5 - (94 + -216)?
-13
41 + (22 + -62 - 26) - -61
36
What is the value of 74 + (-7 + (1 - -10) - (1 + 15)) - 3?
59
Evaluate -36 - (-43 + 0) - (16 + 1) - 63.
-73
What is -12 - (-4 + 2) - (30 + -76)?
36
What is 289 + -238 + -18 + -1 + -116?
-84
4 + (10 - -1) + (255 - 276)
-6
What is the value of -4 + -13 - (27 - (12 - 7))?
-39
Calculate 51 + (-2 - (4 + -3)) - (-12 - -9).
51
What is the value of 118 + -135 + (4 - -6) + (1 - -121)?
115
What is 61 + -84 - (1 + 5 + -52)?
23
Calculate -17 - (6 - (14 + 95 + -20)).
66
0 + -5 - (-46 + 39 - 17 - 8)
27
(3 - (0 + 47 - -1)) + (-35 + 40 - 13)
-53
(-56 - 3) + -39 + 13
-85
What is (-103 + 27 - -87) + (0 + (3 - 2) - 7)?
5
Calculate -178 - (38 + -107 + -39).
-70
What is -185 + 133 - (1 + (1 - -1) - 1)?
-54
What is -8 - (2 - 1 - (67 + -21))?
37
What is the value of 6 + -5 + 41 - (5 - (-6 - -18))?
49
What is 14 - ((-11 - -10) + -73 + 26)?
62
Evaluate (257 - 150) + 48 - 300.
-145
Calculate 30 + -7 + -96 - (-54 + 37).
-56
What is (-3156 - -3154) + (1 - (0 + -1 + -9))?
9
(-11 + 7 - 11) + 9 + 83 + -76
1
Evaluate (-2 + 7 - (87 + -109)) + -22.
5
Calculate 56 + -4 + (14 - -16 - 7).
75
-8 + -7 + 23 - (18 - (-1 + 3))
-8
What is 9 + (-99 - 16 - -33 - -2)?
-71
What is 1 - -1 - (70 + -44 - 76 - -49)?
3
15 + -13 + -7 + (-10 - -27) + -91
-79
(-9 - 23) + 84 + -69
-17
What is -195 + 121 + 51 + -2?
-25
What is the value of -53 + -2 + -12 + (14 - -16) + -17?
-54
What is the value of (-1382 - -1328) + (-1 + 4 - -6) + 2?
-43
What is 2 + -30 + 71 + -57 + 4 + 18 + -101?
-93
-38 + 15 - -77 - (0 + -34)
88
-48 + -1 + -3 + 3 + -39 + 6 + 23
-59
Calculate -43 - (-18 - 44 - -25).
-6
What is (4566 - 4600) + (0 - -2) + -53?
-85
Calculate -42 - (32 - (-31 + 49) - 12).
-44
Calculate -2 + 7 - ((-12 + -43 - -74) + (-46 - -2)).
30
What is the value of 18 - (37 + -27 - -25)?
-17
-26 - (35 - (-8 + 41) - -4)
-32
12 + -23 + 2 + -11 + 48
28
Evaluate (13 + -4 - 18) + -31 - (-1 - 11).
-28
Calculate (-2 - 6) + (18 + -5 - -6) + -5.
6
Evaluate 943 + -886 + 2 + 7 + -1 + -3 + -13.
49
82 + (-11 - (-15 - (8 - 5) - 4) - 21)
72
Evaluate 52 - ((-94 - -44) + 48).
54
(13 - (-12 - -16)) + 3 + 8 + 5
25
-2 + (0 + 6 - (7 - (8 + 3))) + -52
-44
What is (22 - 47 - -17) + 19?
11
What is the value of -74 - (7 - (0 - (-17 + 5 + 1 + -3)))?
-67
Calculate -15 + 7 - -5 - ((-19 - 13) + 9 - 7).
27
What is the value of -43 + -3 - (8 - -20 - 31) - -13?
-30
What is (129 - 57 - 25) + -18?
29
0 + 15 + (149 - 163)
1
What is (76 - (-80 + 171)) + (2 - -40)?
27
(-21 - -51) + -26 + 1 + (-1 - -1) + -12
-7
What is (84 - 48) + -105 + 11?
-58
Calculate (2 - -3) + 56 + (-17 - -36) + 0 + -6.
74
-23 + 88 + -56 + 11
20
Evaluate -547 + 513 - (2 - 36).
0
Evaluate -14 - ((-32 - (-46 + 34)) + (-1 - 20)).
27
Calculate -50 + 57 + -29 - -27.
5
Calculate 433 - (748 + -322) - ((-67 - -2 - 2) + 1).
73
Evaluate -53 + 29 - -29 - (59 + -3 - (1 - -5)).
-45
-61 + (-12 - -25 - (19 + -17 + 17))
-67
What is -8 + (-15 - -2 - (-4 + 8 - 51))?
26
Evaluate 36 + (26 - 19 - (16 - 1)) + 2 + 1.
31
What is 49 - -1 - 43 - 51?
-44
Calculate 776 + -818 + 19 + 0.
-23
Calculate (-23 - -14) + -55 + 20 + -3 + -9.
-56
-15 + (5 - 0) + (-7 - -23) - 13 - -39
32
What is (-113 - (-72 + -71)) + 2?
32
What is the value of 112 + -24 + (-12 + 5 - 2)?
79
Evaluate 9 + 8 + -47 + 15 + 10 + 20.
15
Evaluate 1305 + -1349 + 61 + -1.
16
What is the value of 111 + -393 + 206 - ((1 + 10 - 1) + -2)?
-84
What is the value of 107 + -125 - (8 + -5 - 27)?
6
Evaluate 14 - 13 - -10 - (12 + -23 - 4).
26
(-1 - -10) + (85 - 56) + -8
30
What is the value of -1 - 43 - (2872 + -2934)?
18
What is the value of (211 - -1 - 106) + (-1 - (-2 + 3 + 13))?
91
Evaluate (2 - -36) + -85 - 0.
-47
What is the value of -35 + -27 + (-63 - -119)?
-6
-5 + 0 + -36 + 47 - (-3 + 49)
-40
What is -55 - (29 - 37) - -88?
41
Calculate (24 - (48 + -56)) + -75.
-43
Calculate 41 + (-1 - 0) + (57 - -158 - 195).
60
What is 0 - 111 - (91 + -123)?
-79
What is the value of 52 - 52 - (-2 - 31)?
33
Calculate -8 + (-2 - (-90 + 116)).
-36
What is -58 - (56 - 72 - -18)?
-60
Evaluate 71 - 26 - 65 - -59.
39
Evaluate -106 + (95 - 98 - -66).
-43
Evaluate 192 + -66 + -111 - (5 + 6 + -3 + 0).
7
What is -1 - 10 - (0 + (-23 + 16 - (-4 - -7)))?
-1
What is 47 - ((-23 - -35) + (1 - (2 - -1)))?
37
What is the value of (-101 + 91 + (2 - -2) - -18) + -11?
1
Calculate -69 - -7 - (496 + -661).
103
Evaluate 19 + -13 - ((-1 - 7) + 10 - 15).
19
Evaluate 20 + -21 + (3 - ((1 - -3) + 0)).
-2
-92 + (41 - 1) - -58
6
Calculate (1 - (-13 + 10)) + 20 + -36 + 18.
6
Calculate 149 + -160 + -5 + 13 + (-1 - 4).
-8
What is the value of 68 + -10 + (9 - (6 - 6)) + -7 + -9?
51
Evaluate 11 + -4 - ((3 - (-42 + 9)) + 6).
-35
70 - (40 + 26 + -67)
71
Calculate -20 - (13 - (-17 - -87)).
37
Calculate -28 + (-4 - -18) + (19 - 14).
-9
-7 + (18 - -1) + -4 + 5
13
What is the value of 19 + -17 - 7 - 14 - -58?
39
Evaluate -131 - (25 - (13 - (-18 + -5))).
-120
What is -85 + (-4 - -5) - -5 - (12 - (15 - 4))?
-80
Calculate (1 - (-9 + 22 + -11)) + -1.
-2
-38 + 55 - (0 + 13)
4
Evaluate (7 - -1) + (23 - 63 - -46) + -37.
-23
Calculate 6 + 1 + (1 - 1) + (33762 - 33780).
-11
Evaluate 34 - (-29 - -33 - -2 - 25).
53
What is the value of 2 + 6 + (-36 - -57 - -31) - 1?
59
What is -71 - ((10 - 0) + (120 - 154))?
-47
Evaluate 3 - (-11 + (-5 - -78) - (-1 - -7)).
-53
-174 - ((-66 - -72) + -94)
-86
((3 - (4 - 0)) + -8 - -3) + (77 - -51)
122
Calculate (-1 - (-6 - (15 + -28))) + 61 + -13.
40
What is 50 + (91 - 129) - ((-3 - -2) + 16 + -2)?
-1
85 + -221 + (194 - 54)
4
What is the value of -32 - ((-30 - 26) + -69)?
93
Calculate (20 + -9 - -54) + -10 + 18 + -4 + -7.
62
Calculate 50 - (0 - -1 - (-25 + 70 - 34) - -11).
49
Calculate ((11 - 20 - -5) + 12 - (8 + 21)) + -9.
-30
What is 23 + -3 + -1764 + 1828?
84
Evaluate (49 - 28) + -5 + (10 - -1) + -9.
18
Evaluate (-2 - (8 - 0)) + -30 + (101 - 29).
32
Calculate 8 + (-44 - 11) + (-264 - -415).
104
What is 4 - -8 - (2 - -2) - (-699 - -689)?
18
-21 + (36 - 57) + 1 + 17
-24
What is the value of 64 - 90 - -15 - (-37 - -1)?
25
What is the value of -7 - ((13 - 26) + (3 + -17 - 82) + -4)?
106
What is the value of (-30 - -95) + -39 + -44?
-18
Evaluate 8 + (105 - (25 + -1 - 20) - 6).
103
Calculate (54 - (0 - 0) - (3478 - 3481)) + -13.
44
What is the value of -37 + 0 + (-154 - (-147 - -12))?
-56
What is the value of (-30 - 0) + -37 - -3?
-64
What is the value of 41 + -26 + 22 + (6 - 16)?
27
What is the value of (10 - 53) + 3 - (-2 + -5)?
-33
What is the value of 3 - (3 - 5) - (150 - (114 - -19))?
-12
What is the value of 110 + -128 + 20 + (76 - -2)?
80
Evaluate -6 + -17 + (33 - 12) + 56.
54
Evaluate -783 - -768 - (0 + 29).
-44
Calculate -6 + (1 - 41) + (32 - 15) + -13.
-42
Calculate (-1 + -75 - -22) + 23.
-31
-77 + (20 - (19 + 11 + (-2 - 3)))
-82
(-30 + 9 - (-5 - -2)) + 10
-8
What is -25 + (-41 + 59 - (-30 + 4))?
19
Evaluate -49 + (5 - (-9 +